 -356*d - 2. Let z be g(-2). Is z + 2/(-2) + -2 composite?
True
Let p = 23 - 14. Let m be 3/p*0 - -4. Suppose 4*s = 3*w + 267, s = 3*s + m*w - 150. Is s a prime number?
False
Let l = 690 + -325. Suppose -4*a = -527 - l. Is a a composite number?
False
Suppose -3 = v - 1. Let g be v/(-9) - (-858)/27. Suppose -g = -3*r + 10. Is r prime?
False
Suppose -8 = 4*m, 5*m = -4*n + 4 - 2. Is (-32)/n*-3 + 2 a composite number?
True
Suppose 0 = 2*s - q - 333 + 16, 2*q - 308 = -2*s. Suppose -s = -2*n + 2*j - 3*j, -2*n - 3*j = -155. Is n composite?
False
Let k = -13 - -19. Suppose 0*r + 354 = k*r. Is r composite?
False
Suppose -15 = -z - 2*z. Suppose -3*b - 38 = -z*g, g - 3*b - 7 = 3. Is g composite?
False
Let h(i) = 9*i - 4. Let f(w) = -19*w + 7. Suppose -13 = 6*t - 3*t - m, -3*t + 2*m - 17 = 0. Let p(j) = t*f(j) - 5*h(j). Is p(1) a prime number?
True
Is (-15)/(-6)*848/20 a composite number?
True
Is (-6114)/(-54) + 2/(-9) composite?
False
Let l = 615 + -278. Is l a prime number?
True
Let u(z) = 5*z**2 + 41*z + 21. Is u(-14) a prime number?
False
Is 99/165 - (-14384)/10 a prime number?
True
Let y(m) be the third derivative of -7*m**4/24 - m**3/6 + 2*m**2. Is y(-1) prime?
False
Suppose t + 4*t - 43116 = -n, -4*t + 4*n + 34488 = 0. Is t a composite number?
False
Let t be 4/(-26) + (-89)/13. Let m(x) = -x**3 - 3*x**2 + 6*x - 9. Is m(t) a prime number?
False
Suppose 3*m = 678 + 264. Suppose 3*h - 391 = -3*y - 2*y, 4*y + 3*h = m. Is y composite?
True
Let l = 16 - 7. Let h be 6/4*2*l. Is (h/15)/(2/10) composite?
True
Suppose -16*b + 25718 + 8826 = 0. Is b a prime number?
False
Suppose -10 = -2*g - 0. Let n(z) = z**3 + z**2. Let f be n(0). Suppose -g*c = k - 13, 3*k + c - 39 = -f*c. Is k a composite number?
False
Let o(t) be the third derivative of 7*t**6/120 - t**5/30 + t**4/24 - 3*t**2. Let i(z) = -z**2 - 2*z + 1. Let g be i(-2). Is o(g) a composite number?
True
Suppose -3*t = -0*t. Suppose 3*m + t*m - 246 = 0. Is m a prime number?
False
Suppose 4*x = 13*x - 62145. Is x a composite number?
True
Let d = -778 - -1679. Is d prime?
False
Let t be (3 + -1)*70/5. Suppose -t = -o + 61. Is o composite?
False
Let r(i) be the third derivative of -i**5/60 + 17*i**3/2 - i**2. Is r(0) prime?
False
Suppose 3*r + 234 = 9*r. Is r a composite number?
True
Let d(g) = -g**2 + 5*g + 4. Let x be d(5). Let z be 2/8 + 1279/x. Suppose -121 - 270 = -5*p - 2*u, -4*p + 2*u = -z. Is p a prime number?
True
Suppose 5 = 2*y + c, -c + 25 = 4*y + 4*c. Suppose a + 5*b = 44, 3*a - 3*b - 60 = -y*b. Suppose -a = -2*d + 2*z, d + z - 6 = 12. Is d prime?
False
Let t = 8 - -2. Is t composite?
True
Let l(t) = t**3 + 2*t**2 - 7*t - 9. Let i(p) = -p**2 + p. Let f(q) = -4*i(q) + l(q). Is f(-7) a prime number?
True
Is (-6)/(-21)*(0 - 7) + 13 a composite number?
False
Let c = 7 + -4. Suppose -82 = -4*m - d, c*m + 5*d - 60 = -7. Is m a composite number?
True
Let i be ((-4)/3)/(3/(-9)). Suppose -x - 147 = -i*x. Is x prime?
False
Suppose -2*f = -u - 388, 0*f + 5*u = -3*f + 556. Let l = 372 - f. Suppose -3*z = -5*t - l, 2*z + 2*t - 107 = t. Is z composite?
True
Let j = 4 - -12. Let g be 1/((-2)/(-18)) - 3. Let t = j - g. Is t a composite number?
True
Suppose 0 = 4*v + u - 234, -3*u + 24 + 29 = v. Is v a composite number?
False
Suppose d - 3 = 0, d - 3*d = 3*o - 6. Let q be 5*2*(-1)/(-2). Suppose 5*l = q*y + 85, o = -5*l - 0*y + 3*y + 89. Is l prime?
True
Suppose -1 - 8 = -3*n. Suppose -1 = -2*p + n*z, 5*z + 7 = p + p. Is 16 + 2 + p - 1 prime?
True
Let i(n) = n**2 + 8*n + 17. Let m = 34 - 47. Is i(m) a composite number?
True
Let p(c) = c**2 + 2*c - 5. Let l be p(-4). Suppose -149 = -l*x - 2*g, -5*x + 3*g = -292 + 12. Is x a composite number?
False
Let q be ((-5)/(-2))/(4/8). Let t = 1 - -9. Is q/(t/78) - 2 prime?
True
Let z = 1 - 1. Let t = 2 + z. Suppose -5*q + 49 = 2*j, 2*q = -t*q + 4*j + 56. Is q prime?
True
Suppose -y - 2*y = -2391. Is y prime?
True
Let n = 2 + -16. Let p be (-6)/33 - (-2)/11. Let t = p - n. Is t a prime number?
False
Suppose 0 = -0*w + 2*w - 5*z - 1518, -2*w + 4*z + 1522 = 0. Is w prime?
True
Is (-1 - -2)/(4 - (-7026)/(-1758)) a composite number?
False
Suppose 8*w - 12930 = 10582. Is w prime?
True
Let c(f) be the second derivative of -f**5/20 - 2*f**4/3 - f**3/6 - 11*f**2/2 + 3*f. Is c(-9) a prime number?
True
Let b = 12 + -21. Let h = b + 7. Is h/(-1)*(-153)/(-6) prime?
False
Let b be (-2)/(-4)*12*-17. Let j = b + 73. Let f = -16 - j. Is f composite?
False
Let j = 5 + -1. Suppose 0 = -j*n + 35 + 449. Suppose -4*t = -n - 11. Is t composite?
True
Let f(h) = 7*h + 32*h**2 - 8*h + 8*h**2 - 1. Is f(-2) prime?
False
Let f = -10 - -19. Suppose -5*t = 25, 74 = a - f*t + 4*t. Is a prime?
False
Let v(c) = -c**3 + 7*c**2 - 5*c - 3. Let u be v(6). Suppose -46 - 17 = -u*l. Is l a prime number?
False
Is (24/6)/(-8) + (-4246)/(-4) composite?
False
Suppose -4*k - 2*f - f = -22, k - 2*f = 0. Let d(l) = 2*l**3 - 4*l**2 - 3*l - 3. Is d(k) a composite number?
True
Let l = 764 - 342. Is l prime?
False
Is 635*(-4)/8*-2 prime?
False
Suppose -5*g + 15 = -0*g. Let c be (g + -2)/(2/(-100)). Let b = 5 - c. Is b a composite number?
True
Suppose 5*k - 403 = -a + 4131, 0 = 2*k - 5*a - 1819. Is k composite?
False
Suppose 2*k - 15 = -3*k. Let z be (k - (-3)/(-6))*158. Suppose -j - z = -6*j. Is j prime?
True
Suppose -5*c + 0*c = 2*s - 119, 5*c + s = 122. Suppose 446 = 3*w + 4*m, c = 6*m - m. Suppose 3*b + 138 = y, 3*b - 2*b - w = -y. Is y a composite number?
True
Let v(u) = 2*u + 11. Let d be v(-18). Is (-1866)/(-5) + 5/d prime?
True
Suppose -14*f + 3905 = -9*f. Is f prime?
False
Suppose 4*c - 10 = 14. Is c composite?
True
Let u(y) = -y**2 + 19. Is u(0) a composite number?
False
Let f = 4 - 0. Suppose 0 = -0*w + f*w + 108. Is 3*(-33)/w*6 a prime number?
False
Let b(p) = 0*p - 7 - 5 + 2*p. Let z be b(8). Suppose -365 = -5*y - 5*u, -320 = -z*y - 0*y + 3*u. Is y composite?
True
Let p(r) = 2*r + 24. Let w(l) = l + 12. Let z be -1*(1 - 2) - 8. Let x(o) = z*w(o) + 4*p(o). Is x(9) prime?
False
Let f = 1633 + -3199. Let h = 3449 + f. Is h a composite number?
True
Suppose 72 = -p + 3*g, -p - 30 = -4*g + 41. Let o = -40 - p. Is o a composite number?
True
Is ((2 - -1) + -2)/(6/12318) composite?
False
Let o be ((-4)/(-5))/((-10)/(-75)). Is ((-236)/o)/((-12)/18) prime?
True
Let p = 11 + -16. Let o(w) = -14*w - 3. Is o(p) prime?
True
Suppose 0 = 5*k + 20, 4*q + q - 1603 = 2*k. Is q a prime number?
False
Let q(r) = 8*r - r - 2*r + 12*r. Let u = 23 + -16. Is q(u) a prime number?
False
Suppose -22*b = -27*b + 7355. Is b prime?
True
Let u = 1 - -1. Suppose -u*d = 2*d - 5*h - 388, 291 = 3*d + 4*h. Is d a composite number?
False
Let p = -1 + 7. Suppose p*n - 11 = -r + 2*n, 0 = 4*r - 5*n - 107. Is r prime?
True
Let i(n) = 5*n**2 + 6*n - 7. Is i(10) a composite number?
True
Suppose -3*g + 3143 = 5*u - g, -5*g = 5*u - 3140. Is u a prime number?
False
Suppose 16 = -0*m + 4*m. Let y = m + -9. Is y + 2 + (33 - 4) prime?
False
Let l(q) = -11*q**2 - 1. Let h be l(1). Let t = -4 - h. Let c(o) = o**2 + 7*o - 5. Is c(t) composite?
True
Is ((16210/(-4))/(-5))/(2/4) a prime number?
True
Suppose -3*u + 797 + 334 = 0. Is u a prime number?
False
Suppose 0 = 6*j - 282 - 1044. Is j prime?
False
Let j = -8 + 5. Let s = j + -1. Is s/(-3)*3/2 a prime number?
True
Suppose -4*k - 5*s + 3 + 7 = 0, -4*s = -8. Suppose k = -b + 2*b - 5. Suppose -b*j + 361 = -9. Is j a prime number?
False
Let q(y) be the first derivative of 18*y**2 - y + 3. Suppose 3*h - 5*i = 28, -2*h - 18 = i + 3*i. Is q(h) a prime number?
False
Suppose 0*w - 5*w = -2*b - 1396, 2*w + 4*b = 544. Is w composite?
True
Is (-3)/6*4 - -23 composite?
True
Let c(q) = -q**3 - 6*q**2 - 4*q + 2. Let a be c(-5). Let k = 0 - a. Is 21*(-2 + 7/k) a prime number?
True
Suppose 5*l - 5*p = 10860, -2*p = 3*l + 2*l - 10853. Is l a composite number?
True
Let a = 5723 - 3924. Is a composite?
True
Let r(l) = 405*l**2 + 2. Is r(-1) a composite number?
True
Let z(k) = -k**3 - 10*k**2 + 5. Let g be z(-10). Suppose 457 = 2*a + 2*a - b, -4*a + g*b = -477. Is a a prime number?
True
Suppose 5*l - 17 + 2 = 0, -2*l = 3*v - 9. Let n be (v - -1) + 1*68. Suppose -z + g + n = 0, 5*g = -3*z + 7*z - 285. Is z composite?
True
Let s be (-1)/(2*(-3)/234). Let l = s + -25. Is l a composite number?
True
Let v(l) = 1 + 3*l + 12*l + 12 - 3*l.